. List the prime factors of o.
2, 29
Suppose -109 = 3*c - 10. Let y = 17 - c. What are the prime factors of y?
2, 5
Suppose 0 = -d - 2*w + 30, 0*d + 3*w + 150 = 5*d. Let h = d + 39. What are the prime factors of h?
3, 23
Let g = -28 - -32. Let x be g/(-14) + (-148)/(-28). Suppose 31 = w + x. List the prime factors of w.
2, 13
Suppose 0*m + m - 57 = 0. Suppose 4*n = -3*f + 284, -n - 3*f = -23 - m. What are the prime factors of n?
2, 17
Let f be 5/(-10)*1*4. What are the prime factors of f/(-6) + 2485/15?
2, 83
Let i(d) = -3 + 5*d**3 - 8*d + 0*d**2 + 3*d**3 + 15*d**2 - 7*d**3. What are the prime factors of i(-15)?
3, 13
Let a be (6/4)/(12/16). Let s(o) = -o**a + 12*o + 0*o - o. What are the prime factors of s(10)?
2, 5
Let l be (-1 + 2 + 25)/((-1)/(-1)). Let b = 44 - l. What are the prime factors of b?
2, 3
Let n(j) be the second derivative of -7*j**5/20 - 8*j. Let y be ((4/2)/(-1))/2. List the prime factors of n(y).
7
Let x = -509 - -518. List the prime factors of x.
3
Suppose 4*c - c = 2*c. Suppose c = -2*n - 4*u + 306, 11*n - 6*n = u + 732. What are the prime factors of n?
3, 7
Let m = 54 + -51. Suppose m*b - 564 = -b. List the prime factors of b.
3, 47
Suppose -4*q + 3*y + 20 = -y, 0 = -q + 4*y + 14. List the prime factors of 3 + -8 + q - -10.
7
Suppose 2*h + 6 = 14. Suppose 179 + 9 = h*x. Let i = x - 21. What are the prime factors of i?
2, 13
Suppose -30*k - 57*k + 278400 = 0. What are the prime factors of k?
2, 5
Let g = -200 + 755. What are the prime factors of g?
3, 5, 37
Let u(z) = 2*z + 1. Let j(p) = -p. Let r be j(-4). Let v be r/(-3 - -1) + 5. What are the prime factors of u(v)?
7
Let o(s) = -s**3 + 11*s**2 - 9. Suppose t = -2*t - 2*j + 30, 0 = 5*j. What are the prime factors of o(t)?
7, 13
Let a(c) = -128*c + 17. Let v be a(4). What are the prime factors of -1 + -3 - v/9?
3, 17
Suppose -5*i + i = -8. Suppose d - 2*o = 21, 2*d - 6*d + 72 = -i*o. Suppose 0 = 5*c + 2*l - 90, -d = -5*l + 8. List the prime factors of c.
2
Suppose -2*k + 3324 = 4*a - 1278, 2*a + 2*k - 2300 = 0. What are the prime factors of a?
1151
Let w(m) = -m**2 + 3*m + 28. Let a(i) = 2*i**2 - 7*i - 55. Let h(q) = -4*a(q) - 7*w(q). List the prime factors of h(7).
2, 3
Suppose -22768 = 40*c - 127648. What are the prime factors of c?
2, 3, 19, 23
Suppose -i + 3*w - 56 = -273, -i - 4*w = -210. Suppose -4*r - 5*n - i = -1619, 2*r = 5*n + 665. List the prime factors of r.
3, 5, 23
Let k be (-30)/9*15/10. List the prime factors of (-1 + -329)/k*(-2)/(-1).
2, 3, 11
Suppose -4*v + 0*v = -4, 2*k = 2*v + 114. Let h = k - -14. List the prime factors of h.
2, 3
Let t = -143 + 90. Let f = t + 151. List the prime factors of f.
2, 7
Let g = 2 + -4. What are the prime factors of (g - (-112 + -1)) + -1?
2, 5, 11
Suppose 0 = -z - 8*l + 4*l + 1404, -l = -5*z + 6978. List the prime factors of z.
2, 349
Suppose -492 + 166 = -2*p - 5*f, 5*p - f - 842 = 0. Suppose -4*n = -2*b - 156, 3*n + n + b - p = 0. Let z = 74 - n. List the prime factors of z.
3, 11
Suppose 254*u = 250*u + 1792. List the prime factors of u.
2, 7
Suppose -g = -3*l - 3485 - 340, 5*l + 19085 = 5*g. List the prime factors of g.
3, 31, 41
Let o be (299/(-13))/(1/(-2)). Let p = o - -166. What are the prime factors of p?
2, 53
List the prime factors of 38 + -34 - (-517 + 0).
521
List the prime factors of (345/2 + 1)*(-51 + 57).
3, 347
What are the prime factors of 4/14 - 164160/(-210)?
2, 17, 23
Let m = 3329 - 1978. What are the prime factors of m?
7, 193
Suppose 3*p + 5*l - 2 = -4, 3*l = 4*p - 7. Let r(t) = t**3 - 3*t**2 - 6*t - 4. Let o be r(5). Let y = o - p. What are the prime factors of y?
3, 5
Let v = 739 - 241. List the prime factors of v.
2, 3, 83
Let h(f) = f**3 + 10*f**2 - f - 8. Let a be h(-10). Suppose -i - a*w = -35, 2*i - 2*w - 60 = -4*w. What are the prime factors of i?
5
Suppose 13*p = -4*p + 408. What are the prime factors of p?
2, 3
Suppose 133*k - 139*k + 9660 = 0. What are the prime factors of k?
2, 5, 7, 23
Let z = 20 - 14. Suppose 10*t - z*t = 40. List the prime factors of ((-156)/t)/(6/(-15)).
3, 13
Let z(s) = 2*s**2 - 21*s + 23. List the prime factors of z(-12).
563
Suppose h + 5*t - 303 = 0, 4*h + 5*t - 10*t - 1187 = 0. List the prime factors of h.
2, 149
Let h(x) = -x**2 + 6*x - 7. Let s be h(5). Let d be (s + 14/(-2))/1. Let j(b) = -b**3 - 10*b**2 - 9*b + 6. What are the prime factors of j(d)?
2, 3
Let f(r) = 3*r - 4. Let q be f(2). Suppose -m + q*w + 188 = 0, 3*m - 817 = -m - 5*w. What are the prime factors of m?
2, 3, 11
Let b = 112 + 72. Suppose 4*o - 767 = -3*z, 3*z + b = 5*o - 768. What are the prime factors of o?
191
Suppose 11*p = 68 + 152. Let j be (-6)/(-4)*(4 - 0). Let t = j + p. What are the prime factors of t?
2, 13
Suppose -y + 2*y - 22 = 0. Let i be (-2)/11 + 92/y. List the prime factors of 36 + (0 - i) + 4.
2, 3
Suppose 0 = -n + 3*c + 330, -n - 3*c - 190 + 520 = 0. What are the prime factors of n?
2, 3, 5, 11
Let r(g) = g**2 - 9*g + 12. Let o be r(6). Let a be o/((-36)/8 - -3). Suppose q - 1 + a = f, 8 = 2*q. What are the prime factors of f?
7
Let k(f) = -f**2 + 6*f + 6. Let y be k(5). Suppose 2*h + 25 = 93. Let j = h - y. List the prime factors of j.
23
Let h(r) = r**3 - 7*r**2 - 8*r. Let c be h(8). Suppose c = 3*k - 0*k - 21. Let a = 14 - k. What are the prime factors of a?
7
Let f(q) = q**3 + q**2 - 51*q - 26. What are the prime factors of f(11)?
5, 173
Let s be (-2852)/(-44) - 6/(-33). Let n = s - 33. Suppose 34 + n = 3*o. What are the prime factors of o?
2, 11
Let k(v) = 8*v. Let p be k(1). Suppose 0 = 6*w - p*w + 8. Suppose 6*m - 34 = w*m. What are the prime factors of m?
17
Suppose 0*o = 5*o - 25, -4*o = 3*q - 26. Suppose -2*f + 4*h - 16 = 0, -q*f = 4*h - 6*h + 12. What are the prime factors of (60/18)/(f/(-6))?
5
Let l(s) = 74*s**2 - 4*s - 2. Let z be l(5). Suppose -10*h = 208 - z. List the prime factors of h.
2, 3
Let h = 33 - 5. Suppose -2*w - h = -6*w. Let b = 14 - w. What are the prime factors of b?
7
Let c(s) = -s**2 + 6*s - 4. Let i be c(8). Let b be i/(-25)*(-105)/(-6). Suppose 0 = -f + b + 23. What are the prime factors of f?
37
Suppose -5*i = -3*r - 4 - 1, -i + 5*r + 23 = 0. What are the prime factors of 17*3/(-6)*i?
17
Suppose 0 = 4*i + k - 6176, 2*i + 4*k = -1261 + 4335. List the prime factors of i.
3, 5, 103
Suppose 7 = -h + 14. Suppose 5*u - h*u = -110. Suppose u = 3*r - 38. What are the prime factors of r?
31
What are the prime factors of 0 + (-2)/(0 - 2)*435?
3, 5, 29
Suppose -3*o = 5 - 2. Let k be (-2)/(o/(-10)*4). List the prime factors of 8 + -2 + 5/k.
5
Suppose -26*q + 16 = -30*q, 2*d - 1034 = 4*q. List the prime factors of d.
509
Let k(g) = 2*g + 23. Let t be k(6). Let q = -4 + 7. Suppose w - 6*w + 5*c = -t, c = -q*w + 25. What are the prime factors of w?
2
Let y = 523 - 155. What are the prime factors of y?
2, 23
Suppose 0 = 10*q + 295 - 1025. Let u be (-3)/(1 - 0)*13. Let o = q + u. List the prime factors of o.
2, 17
Let f be (36/(-5))/(4/(-40)). Suppose -2*z + f = -54. List the prime factors of z.
3, 7
Let d = -7374 + 11814. List the prime factors of d.
2, 3, 5, 37
Suppose -3*k = -9, -22*k + 248 = g - 25*k. What are the prime factors of g?
257
Let h be (-4)/6*(-153)/34. What are the prime factors of (-56)/h*(-252)/98?
2, 3
Let h = 489 - 250. What are the prime factors of h?
239
Let n be 4*3 - (12 - 9). Suppose n*j - 10*j = -73. List the prime factors of j.
73
Let q be (-317)/(-4) - 6/24. List the prime factors of q/(-3 + 3 - -1).
79
Suppose -11*u + 2484 = -8494. What are the prime factors of u?
2, 499
Let s(k) = 25 + 4*k + 26 - 46. What are the prime factors of s(8)?
37
Let k = -1849 - -4681. List the prime factors of k.
2, 3, 59
Let g = 8 + -6. Suppose g*l + l = 24. List the prime factors of l.
2
Suppose 0 = 3*z - 3*t - 4272, -3*t + 4266 = 10*z - 7*z. List the prime factors of z.
1423
Suppose 0 = -3*s + 55 - 19. Suppose -200 = -3*j + 16. Suppose -s + j = 4*l. List the prime factors of l.
3, 5
Suppose -7*n = -2*n. Suppose n = 4*f + 27 + 25. Let w(l) = l**3 + 14*l**2 + 11*l - 1. List the prime factors of w(f).
5
Let g(s) = 10*s**3 - 3*s**2 + 3*s - 4. Suppose -5*h - 1 = -11. List the prime factors of g(h).
2, 5, 7
Let a(x) = -x**3 + x**2 + 5*x + 4. Suppose -7*h = 29 - 1. List the prime factors of a(h).
2
List the prime factors of (-2)/(48/(-52974)) + 5/